{"id":840,"date":"2019-02-25T12:37:08","date_gmt":"2019-02-25T15:37:08","guid":{"rendered":"http:\/\/khoruseventos.com.br\/index.php\/about\/"},"modified":"2022-01-27T11:16:55","modified_gmt":"2022-01-27T14:16:55","slug":"about","status":"publish","type":"page","link":"https:\/\/khoruseventos.com.br\/index.php\/about\/","title":{"rendered":"Khorus &#8211; Sobre N\u00f3s"},"content":{"rendered":"\t\t<div data-elementor-type=\"wp-post\" data-elementor-id=\"840\" class=\"elementor elementor-840\" data-elementor-settings=\"[]\">\n\t\t\t\t\t\t\t<div class=\"elementor-section-wrap\">\n\t\t\t\t\t\t\t<section class=\"elementor-section elementor-top-section elementor-element elementor-element-ba18039 elementor-section-content-bottom elementor-section-boxed elementor-section-height-default elementor-section-height-default\" data-id=\"ba18039\" data-element_type=\"section\" data-settings=\"{&quot;background_background&quot;:&quot;classic&quot;}\">\n\t\t\t\t\t\t\t<div class=\"elementor-background-overlay\"><\/div>\n\t\t\t\t\t\t\t<div class=\"elementor-container elementor-column-gap-no\">\n\t\t\t\t\t<div class=\"elementor-column elementor-col-100 elementor-top-column elementor-element elementor-element-f4fe14c\" data-id=\"f4fe14c\" data-element_type=\"column\">\n\t\t\t<div class=\"elementor-widget-wrap elementor-element-populated\">\n\t\t\t\t\t\t\t\t<div class=\"elementor-element elementor-element-08960a8 elementor-widget elementor-widget-heading\" data-id=\"08960a8\" data-element_type=\"widget\" data-widget_type=\"heading.default\">\n\t\t\t\t<div class=\"elementor-widget-container\">\n\t\t\t<h1 class=\"elementor-heading-title elementor-size-default\">sobre n\u00f3s<\/h1>\t\t<\/div>\n\t\t\t\t<\/div>\n\t\t\t\t\t<\/div>\n\t\t<\/div>\n\t\t\t\t\t\t\t<\/div>\n\t\t<\/section>\n\t\t\t\t<section class=\"elementor-section elementor-top-section elementor-element elementor-element-25205b2 elementor-section-boxed elementor-section-height-default elementor-section-height-default\" data-id=\"25205b2\" data-element_type=\"section\">\n\t\t\t\t\t\t<div class=\"elementor-container elementor-column-gap-no\">\n\t\t\t\t\t<div class=\"elementor-column elementor-col-50 elementor-top-column elementor-element elementor-element-c2f159c\" data-id=\"c2f159c\" data-element_type=\"column\">\n\t\t\t<div class=\"elementor-widget-wrap elementor-element-populated\">\n\t\t\t\t\t\t\t\t<div class=\"elementor-element elementor-element-fc4c6d4 elementor-widget elementor-widget-heading\" data-id=\"fc4c6d4\" data-element_type=\"widget\" data-widget_type=\"heading.default\">\n\t\t\t\t<div class=\"elementor-widget-container\">\n\t\t\t<h6 class=\"elementor-heading-title elementor-size-default\">Algumas homenagens para pessoas importantes, eu queria mencionar todas.<\/h6>\t\t<\/div>\n\t\t\t\t<\/div>\n\t\t\t\t<div class=\"elementor-element elementor-element-508f649 elementor-widget elementor-widget-heading\" data-id=\"508f649\" data-element_type=\"widget\" data-widget_type=\"heading.default\">\n\t\t\t\t<div class=\"elementor-widget-container\">\n\t\t\t<h2 class=\"elementor-heading-title elementor-size-default\">Nossa Hist\u00f3ria<\/h2>\t\t<\/div>\n\t\t\t\t<\/div>\n\t\t\t\t<div class=\"elementor-element elementor-element-0fa97ad elementor-widget elementor-widget-text-editor\" data-id=\"0fa97ad\" data-element_type=\"widget\" data-widget_type=\"text-editor.default\">\n\t\t\t\t<div class=\"elementor-widget-container\">\n\t\t\t\t\t<div class=\"elementor-text-editor elementor-clearfix\"><p>Eu mesmo, Ederson Carlos Ribeiro me alegro em escrever nossa hist\u00f3ria.<\/p><p>Em 1990 ganhei uma TV do meu pai Jos\u00e9 Carlos Ribeiro, marceneiro respeitado de bons valores cuja algumas frases que jamais me esquecerei &#8220;tudo o que fizer, n\u00e3o importa o que seja, fa\u00e7a bem feito&#8221;, &#8220;N\u00e3o coloque sujeira debaixo do tapete, voc\u00ea pode esconder do homem, mas n\u00e3o de Deus&#8221;. Meu pai tamb\u00e9m\u00a0 era apreciador de uma boa m\u00fasica. Aquela TV preto e branco era para jogar v\u00eddeo game, os jogos cl\u00e1ssicos rec\u00e9m nascidos.<\/p><p>\u00a0Agradecido pela TV que meu pai me deu,\u00a0 contudo a inspira\u00e7\u00e3o veio do meu tio Ant\u00f4nio Marcos Ribeiro, cantor, compositor e m\u00fasico que era admirado e que a partir da\u00ed nasceu a expectativa de conhecer cada vez mais a tecnologia usada para reproduzir, gravar m\u00fasicas e at\u00e9 mesmo nas produ\u00e7\u00f5es de shows.<\/p><p>Depois de algum tempo de uso, coloquei minha TV na carriola que eu usava para vender lim\u00e3o nas ruas e troquei em uma sonata simples, pequena e de cor bege.<\/p><p>A alegria estava no meu rosto ao perceber que eu poderia controlar e escolher m\u00fasicas a partir do disco de vin\u00edl.\u00a0<\/p><p>O tempo foi passando e os estudos por eletr\u00f4nica, inform\u00e1tica, matem\u00e1tica, m\u00fasica, metrologia, seguran\u00e7a no trabalho e tamb\u00e9m os erros pelos caminhos s\u00f3 trouxeram desenvolvimento, hoje gerencio esta compacta por\u00e9m norteada empresa chamada Khorus Eventos. Nome que foi discutido numa mesa em um trailler de lanche junto com sua fam\u00edlia e a sua filha Bianca Murgo Ribeiro ajudou na escolha do nome.<\/p><p>Como tempo fui percebendo a real necessidade dos clientes e futuros clientes, e foi assim que a dedica\u00e7\u00e3o, o esfor\u00e7o, a credibilidade e a f\u00e9 nos trouxeram at\u00e9 aqui.\u00a0<\/p><p>Muito obrigado.<\/p><\/div>\n\t\t\t\t<\/div>\n\t\t\t\t<\/div>\n\t\t\t\t\t<\/div>\n\t\t<\/div>\n\t\t\t\t<div class=\"elementor-column elementor-col-50 elementor-top-column elementor-element elementor-element-270df6b\" data-id=\"270df6b\" data-element_type=\"column\">\n\t\t\t<div class=\"elementor-widget-wrap elementor-element-populated\">\n\t\t\t\t\t\t\t\t<div class=\"elementor-element elementor-element-2ca4402 elementor-widget elementor-widget-text-editor\" data-id=\"2ca4402\" data-element_type=\"widget\" data-widget_type=\"text-editor.default\">\n\t\t\t\t<div class=\"elementor-widget-container\">\n\t\t\t\t\t<div class=\"elementor-text-editor elementor-clearfix\"><\/div>\n\t\t\t\t<\/div>\n\t\t\t\t<\/div>\n\t\t\t\t<div class=\"elementor-element elementor-element-56bfa64 elementor-widget elementor-widget-text-editor\" data-id=\"56bfa64\" data-element_type=\"widget\" data-widget_type=\"text-editor.default\">\n\t\t\t\t<div class=\"elementor-widget-container\">\n\t\t\t\t\t<div class=\"elementor-text-editor elementor-clearfix\"><\/div>\n\t\t\t\t<\/div>\n\t\t\t\t<\/div>\n\t\t\t\t\t<\/div>\n\t\t<\/div>\n\t\t\t\t\t\t\t<\/div>\n\t\t<\/section>\n\t\t\t\t\t\t<\/div>\n\t\t\t\t\t<\/div>\n\t\t","protected":false},"excerpt":{"rendered":"<p>sobre n\u00f3s Algumas homenagens para pessoas importantes, eu queria mencionar todas. Nossa Hist\u00f3ria Eu mesmo, Ederson Carlos Ribeiro me alegro em escrever nossa hist\u00f3ria. Em 1990 ganhei uma TV do meu pai Jos\u00e9 Carlos Ribeiro, marceneiro respeitado de bons valores cuja algumas frases que jamais me esquecerei &#8220;tudo o que fizer, n\u00e3o importa o que &hellip;<\/p>\n<p class=\"read-more\"> <a class=\"\" href=\"https:\/\/khoruseventos.com.br\/index.php\/about\/\"> <span class=\"screen-reader-text\">Khorus &#8211; Sobre N\u00f3s<\/span> Read More &raquo;<\/a><\/p>\n","protected":false},"author":1,"featured_media":0,"parent":0,"menu_order":0,"comment_status":"closed","ping_status":"closed","template":"","meta":[],"_links":{"self":[{"href":"https:\/\/khoruseventos.com.br\/index.php\/wp-json\/wp\/v2\/pages\/840"}],"collection":[{"href":"https:\/\/khoruseventos.com.br\/index.php\/wp-json\/wp\/v2\/pages"}],"about":[{"href":"https:\/\/khoruseventos.com.br\/index.php\/wp-json\/wp\/v2\/types\/page"}],"author":[{"embeddable":true,"href":"https:\/\/khoruseventos.com.br\/index.php\/wp-json\/wp\/v2\/users\/1"}],"replies":[{"embeddable":true,"href":"https:\/\/khoruseventos.com.br\/index.php\/wp-json\/wp\/v2\/comments?post=840"}],"version-history":[{"count":34,"href":"https:\/\/khoruseventos.com.br\/index.php\/wp-json\/wp\/v2\/pages\/840\/revisions"}],"predecessor-version":[{"id":1629,"href":"https:\/\/khoruseventos.com.br\/index.php\/wp-json\/wp\/v2\/pages\/840\/revisions\/1629"}],"wp:attachment":[{"href":"https:\/\/khoruseventos.com.br\/index.php\/wp-json\/wp\/v2\/media?parent=840"}],"curies":[{"name":"wp","href":"https:\/\/api.w.org\/{rel}","templated":true}]}}